 Let x be v(-14). Suppose x*r + 2 = y. What are the prime factors of r?
11
Let d(q) = -4*q - 20. Let c be d(-6). What are the prime factors of (-2)/(-4)*367 - 2/c?
3, 61
Let c = 2034 - 796. What are the prime factors of c?
2, 619
Let b(f) = 561*f - 723. What are the prime factors of b(6)?
3, 881
Let a = 1 + -1. Let y(f) = -f**2 + f + 4. Let l be y(a). Suppose -28 = -2*b - 5*x, 3*x = x + l. List the prime factors of b.
3
Suppose 3*c - 12 = -3*z, -2 - 6 = -2*z + c. Suppose 2*w + 1239 = 5*g, 5*g - z*w - 1233 = -0*g. List the prime factors of g.
3, 83
Suppose -69281 = 35*i - 193776. What are the prime factors of i?
3557
Let h(l) be the first derivative of l**3/3 - 6*l**2 + 31*l - 17. What are the prime factors of h(17)?
2, 29
Suppose 17 = 4*j + 3*q, -2*j - 3*j - 4*q + 22 = 0. What are the prime factors of -78*j/(-3) + -4?
2, 3
Let k(x) = -20*x + 2. Let m be k(-5). Let o = -70 + 1. Let j = o + m. List the prime factors of j.
3, 11
Suppose 0 = 2*b + 6*v - 4*v - 18, -15 = -5*b + 5*v. List the prime factors of b.
2, 3
Suppose o - 2159 = -4*u, 5*u + 4*o - 1351 = 1356. List the prime factors of u.
7, 11
Suppose 5*f - 20 = 0, 2*r - 2*f = -10 + 80. Suppose 9 = -q + r. List the prime factors of 16/120 - (-896)/q.
2, 3, 5
Let s be 2 - (-5)/(10/(-158)). Let n = 16 - s. Suppose 0 = 6*j - 81 - n. What are the prime factors of j?
29
Suppose -3*t + 5355 = 2*j, -t + 1503 + 278 = 2*j. List the prime factors of t.
1787
Suppose s - 604 = -2*y, -7*s + 3*s = 5*y - 2419. List the prime factors of s.
2, 3, 101
List the prime factors of (-652)/((-21)/((-63)/(-12))).
163
Suppose -297*p + 301*p - 1804 = 0. List the prime factors of p.
11, 41
Let x = 17 + -12. Suppose -15 = -x*q - 0. List the prime factors of 1/q - (-1515)/45.
2, 17
Let w = 6 - 1. Suppose w*z = -2 + 7. What are the prime factors of (z*(-78)/2)/(-1)?
3, 13
Let b = -1 - 6. List the prime factors of (-238)/b - (1 + -4).
37
Let b = -9 + 20. Let k(s) = 7*s - 37. List the prime factors of k(b).
2, 5
Let j = -38 - -200. List the prime factors of j.
2, 3
Let k = 560 - 208. What are the prime factors of k?
2, 11
Let r(n) = -n**3 + 6*n**2 + 17*n - 4. Let s be r(8). List the prime factors of s/7 + 73/7.
11
Let y(g) = 33*g + 10. Let j be y(2). What are the prime factors of 7 + 1 + -5 + j?
79
Suppose -83*z - 6284 = -87*z. What are the prime factors of z?
1571
Let a(u) = -u - 1. Let j(t) = -5*t. Let q(d) = 3*a(d) + j(d). Let n = 200 - 204. List the prime factors of q(n).
29
Let l = -11 + 11. Suppose l*j = 4*j - 228. List the prime factors of j.
3, 19
Suppose -3*o + 9 = 0, 0 = -2*y + 2*o + 23 + 1093. What are the prime factors of y?
3, 11, 17
Suppose 4*o + 3*v - 323 = 0, 0 = 3*o + 2*v - 218 - 25. Let z = 59 - o. What are the prime factors of z/(-14)*189/6?
2, 3
Let b be (1 - 153)/(-1 + 2 + -2). Suppose -b = -2*g + v, -2*g - 3*v = -2*v - 156. What are the prime factors of g?
7, 11
Let x be ((-6)/(-6))/(-1 - 0)*82. Let l = 195 + x. What are the prime factors of l?
113
Let m = -4110 + 7991. What are the prime factors of m?
3881
Let k be 8/(-8)*(-1 + 1). Suppose c - 4 = 0, k*i = i - 4*c + 23. What are the prime factors of (-16)/56 + (-135)/i?
19
Let t(r) = 178*r**2 + 87*r + 7. List the prime factors of t(4).
3203
What are the prime factors of (-13)/234*6 - (-7394)/6?
2, 7, 11
Let g(c) = -204*c + 1324. List the prime factors of g(-13).
2, 7, 71
Let o(l) = -7*l**3 + 4*l**2 - 4*l - 20. Let j(n) = 4*n**3 - 2*n**2 + 2*n + 10. Let c(q) = -5*j(q) - 3*o(q). List the prime factors of c(0).
2, 5
Let g = -154 + 273. What are the prime factors of g?
7, 17
Let d be 3 + 4 + (-23)/(-1). Suppose -o + 3*r = -d, o - 10 = -0*r - r. List the prime factors of o.
3, 5
Suppose -3*k + 8 = g - 6, -5*g + 4*k - 6 = 0. Suppose g*q - 34 = 5*w, 0 = q - 0*q + 5*w - 2. What are the prime factors of q?
2, 3
Let a(z) = z**2 - 9*z - 6. Let c be a(10). Suppose 0 = 4*p - 3*u + 5*u - 1046, 1061 = c*p + 5*u. List the prime factors of p.
7, 37
Suppose 28*c - 54 = 19*c. Suppose -c*m - 2*m + 920 = 0. List the prime factors of m.
5, 23
List the prime factors of 2/(46/(-69) - (-89)/132).
2, 3, 11
Suppose 6160 = 41*j - 27*j. What are the prime factors of j?
2, 5, 11
Let i(k) = 4 - 15 + 11*k - k**2 + 0*k**2. List the prime factors of i(9).
7
Suppose 3 = -u + 24. Suppose 280 = -u*a + 25*a. List the prime factors of a.
2, 5, 7
Suppose -7*k - 7770 = -22*k. What are the prime factors of k?
2, 7, 37
Suppose 35 = -x - 6*x. Let d be 10*(1 - x/(-25)). Suppose d*c = 7*c + 34. What are the prime factors of c?
2, 17
Suppose 7*o - 14 = 14. Suppose 2*u = -2*b + 342, -4*u - o*b = u - 855. List the prime factors of u.
3, 19
Suppose 5*y + 3*z = -18, -y + 4*z + 10 = -3*y. Let b be ((-6)/(-1) - -2) + y. Suppose -15 - 50 = -b*h. List the prime factors of h.
13
List the prime factors of ((5740/(-42))/(-1))/((-1)/(-9)).
2, 3, 5, 41
Suppose 7*l + 16 = 8*l. Suppose 0 = l*t - 12*t - 8. Suppose v + 47 = 2*q + 9, -2*q = t*v - 32. List the prime factors of q.
2, 3
Let w(k) = 2*k**2 - 2*k - 3. Let s be w(3). Let y(i) = -3*i - 19. Let x be y(s). Let p = x + 98. What are the prime factors of p?
2, 13
Let y(d) = 3*d**3 - 3*d**2 + d - 2. Suppose -5*t + 2*t + 6 = 0. Let j be y(t). Suppose 4*s - b - b = j, s - 4*b - 10 = 0. List the prime factors of s.
2
Suppose -142 = -2*n + 3*n. Let x be -210 + (-1 - (-20)/4). Let g = n - x. What are the prime factors of g?
2
Let m(n) = 2984*n + 7. List the prime factors of m(1).
3, 997
Let h = -3 - -8. Suppose 5*m + 5 = -h*x, m + 7 = x + 4*x. List the prime factors of ((-225)/(-12))/(x/4).
3, 5
Suppose 171*f + 945 = 172*f. What are the prime factors of f?
3, 5, 7
Let r = 2371 + -1306. List the prime factors of r.
3, 5, 71
Let n = -764 + 1071. List the prime factors of n.
307
Let j be 225/33 - 6/(-33). Let v be 1/j - (-117)/63. What are the prime factors of 29 - (v - (1 - 0))?
2, 7
Let k be 1 + (217 - (1 + 3)). Let s = k - 148. List the prime factors of s.
2, 3, 11
Suppose 3*c = 4*m + 51, m = 3*c - 0*c - 24. Let k(a) = -a + 4. Let t be k(m). Let l = 13 + t. What are the prime factors of l?
2, 13
Let j(y) = 1 - 3 - 15*y**2 + 2*y**2 - y**3 + 13*y. Let t be j(-14). Let q = -3 + t. What are the prime factors of q?
3
Let o(m) = -m**3 + 5*m**2 - 3*m + 2. Let w = -10 + 15. Let c = -3 + w. What are the prime factors of o(c)?
2
Suppose -67 + 1499 = 4*x. Suppose -5*k - y + x = 0, -2*k + 152 = -4*y - 0*y. What are the prime factors of k?
2, 3
Let v(n) = 5*n**2 + 5*n + 4. Let g be (-146)/(-10) + 8/20. Suppose 6*b + g = b. What are the prime factors of v(b)?
2, 17
Let d = 6132 + -3477. List the prime factors of d.
3, 5, 59
Suppose -9*k = k - 7410. List the prime factors of k.
3, 13, 19
Let g be 0*2*3/6. Suppose 2*j + 3*a - 15 = -2*j, g = -a - 3. List the prime factors of j.
2, 3
Let c(n) = n**2 + 8*n - 17. Let y be c(-10). Suppose -2*j + y*d + 537 = j, 16 = 4*d. What are the prime factors of j?
3, 61
Suppose 12*c = 36958 + 30038. List the prime factors of c.
3, 1861
Let y = -223 + 354. Let q = y - 74. What are the prime factors of q?
3, 19
Suppose -4*t + 4*d - 4 = 0, -3*t = 3*d - 4 + 13. Let m = t + 5. Suppose -69 = -3*j - m*i, 4*j + j - 3*i - 155 = 0. List the prime factors of j.
2, 7
Suppose -g - 3*g = -468. Suppose -5*b = -14 - 1. Suppose -b*s + g = -0*s. List the prime factors of s.
3, 13
Suppose 2*a = -2*f + 2, -7*a = -3*a + f - 7. Suppose -r = -2 - a. Suppose 0 = n - 43 - r. What are the prime factors of n?
47
Let q(g) = -g**3 + 8*g**2 + 9*g + 26. What are the prime factors of q(-7)?
2, 349
Let o(r) = -2*r**2 + 10*r - 20. Let n be o(4). What are the prime factors of 31/((-2)/(-3) - (-2)/n)?
2, 31
Let m be (1 - -2 - -36) + 1. Let n = 9 + m. Suppose 2*p = -6, p = -0*y + 2*y - n. List the prime factors of y.
23
Let s = -29 - -55. Suppose -3*y = -5*i + s, 5*i + 7 = 4*y + 35. Suppose -16 = -i*h + 128. What are the prime factors of h?
2, 3
Suppose -1 = 61*u - 62*u. What are the prime factors of 27/(3/u) + 3?
2, 3
Let p = 50 - 44. Let m = 48 - p. List the prime factors of m.
2, 3, 7
Let i be 0 + 0 + (5 - (-48 - -6)). Let v = i + 17. List the prime factors of v.
2
Let g = 14 - 20. Let b = 4 + g. Let f(q) = -2*q**3 + 1. List the prime factors of f(b).
17
Let p = 6656 + -4250. What are the prime factors of p?
2, 3, 401
Let k(r) = 2*r**3 + 38*r**2 + 23*r + 17. List the prime factor